What are the prime factors of 57094?
2, 28547
What are the prime factors of 298?
2, 149
List the prime factors of 17900.
2, 5, 179
What are the prime factors of 4651?
4651
List the prime factors of 1644.
2, 3, 137
What are the prime factors of 22587?
3, 7529
What are the prime factors of 48303?
3, 1789
List the prime factors of 2271.
3, 757
What are the prime factors of 9879?
3, 37, 89
What are the prime factors of 112668?
2, 3, 41, 229
What are the prime factors of 8799?
3, 7, 419
What are the prime factors of 31789?
83, 383
What are the prime factors of 12341?
7, 41, 43
What are the prime factors of 93069?
3, 383
What are the prime factors of 47695?
5, 9539
List the prime factors of 1089.
3, 11
What are the prime factors of 10495?
5, 2099
What are the prime factors of 2073?
3, 691
What are the prime factors of 3324?
2, 3, 277
List the prime factors of 23351.
19, 1229
List the prime factors of 952.
2, 7, 17
List the prime factors of 6971.
6971
List the prime factors of 466.
2, 233
List the prime factors of 5847.
3, 1949
List the prime factors of 506.
2, 11, 23
What are the prime factors of 73?
73
What are the prime factors of 1979?
1979
What are the prime factors of 737?
11, 67
What are the prime factors of 1401?
3, 467
List the prime factors of 145085.
5, 29017
What are the prime factors of 27?
3
What are the prime factors of 5661?
3, 17, 37
List the prime factors of 2525.
5, 101
List the prime factors of 17377.
17377
List the prime factors of 19697.
19697
What are the prime factors of 56766?
2, 3, 9461
List the prime factors of 653.
653
What are the prime factors of 14090?
2, 5, 1409
What are the prime factors of 326?
2, 163
What are the prime factors of 34309?
11, 3119
What are the prime factors of 74849?
29, 89
What are the prime factors of 2746?
2, 1373
What are the prime factors of 11987?
11987
List the prime factors of 68459.
17, 4027
What are the prime factors of 18661?
18661
What are the prime factors of 5920?
2, 5, 37
What are the prime factors of 455?
5, 7, 13
List the prime factors of 5108.
2, 1277
List the prime factors of 46761.
3, 11, 13, 109
What are the prime factors of 2624?
2, 41
List the prime factors of 563.
563
What are the prime factors of 2727?
3, 101
What are the prime factors of 3218?
2, 1609
List the prime factors of 1301.
1301
What are the prime factors of 66986?
2, 33493
List the prime factors of 35591.
35591
List the prime factors of 613.
613
List the prime factors of 2849.
7, 11, 37
What are the prime factors of 472?
2, 59
List the prime factors of 5478.
2, 3, 11, 83
What are the prime factors of 723?
3, 241
What are the prime factors of 18916?
2, 4729
List the prime factors of 5021.
5021
List the prime factors of 27063.
3, 31, 97
What are the prime factors of 960?
2, 3, 5
List the prime factors of 6582.
2, 3, 1097
List the prime factors of 2625.
3, 5, 7
What are the prime factors of 12211?
12211
What are the prime factors of 33215?
5, 7, 13, 73
What are the prime factors of 3613?
3613
What are the prime factors of 5531?
5531
List the prime factors of 92835.
3, 5, 2063
List the prime factors of 8358.
2, 3, 7, 199
What are the prime factors of 1064?
2, 7, 19
What are the prime factors of 9037?
7, 1291
List the prime factors of 89.
89
List the prime factors of 113.
113
List the prime factors of 123037.
61, 2017
What are the prime factors of 1046?
2, 523
What are the prime factors of 6752?
2, 211
What are the prime factors of 5438?
2, 2719
What are the prime factors of 32301?
3, 37, 97
What are the prime factors of 3114?
2, 3, 173
What are the prime factors of 6498?
2, 3, 19
List the prime factors of 563.
563
List the prime factors of 7899.
3, 2633
List the prime factors of 470.
2, 5, 47
List the prime factors of 6830.
2, 5, 683
What are the prime factors of 115?
5, 23
What are the prime factors of 10180?
2, 5, 509
What are the prime factors of 2484?
2, 3, 23
What are the prime factors of 6245?
5, 1249
What are the prime factors of 6583?
29, 227
List the prime factors of 100.
2, 5
What are the prime factors of 1159?
19, 61
List the prime factors of 19599.
3, 47, 139
What are the prime factors of 586?
2, 293
List the prime factors of 46403.
7, 947
What are the prime factors of 2372?
2, 593
What are the prime factors of 3907?
3907
What are the prime factors of 3709?
3709
What are the prime factors of 14124?
2, 3, 11, 107
What are the prime factors of 771?
3, 257
List the prime factors of 12893.
12893
List the prime factors of 29966.
2, 14983
List the prime factors of 4818.
2, 3, 11, 73
List the prime factors of 2146.
2, 29, 37
What are the prime factors of 31672?
2, 37, 107
List the prime factors of 1041.
3, 347
What are the prime factors of 1656?
2, 3, 23
What are the prime factors of 5623?
5623
What are the prime factors of 15689?
29, 541
List the prime factors of 1644.
2, 3, 137
What are the prime factors of 939?
3, 313
What are the prime factors of 2225?
5, 89
What are the prime factors of 68342?
2, 34171
List the prime factors of 245.
5, 7
What are the prime factors of 5004?
2, 3, 139
What are the prime factors of 867?
3, 17
List the prime factors of 10208.
2, 11, 29
What are the prime factors of 4977?
3, 7, 79
What are the prime factors of 68933?
29, 2377
List the prime factors of 7121.
7121
What are the prime factors of 3917?
3917
What are the prime factors of 528?
2, 3, 11
List the prime factors of 33172.
2, 8293
What are the prime factors of 9627?
3, 3209
What are the prime factors of 3758?
2, 1879
List the prime factors of 91733.
91733
What are the prime factors of 2382?
2, 3, 397
What are the prime factors of 21135?
3, 5, 1409
What are the prime factors of 996?
2, 3, 83
What are the prime factors of 6527?
61, 107
What are the prime factors of 57433?
79, 727
List the prime factors of 10217.
17, 601
What are the prime factors of 66897?
3, 7433
List the prime factors of 12942.
2, 3, 719
What are the prime factors of 11174?
2, 37, 151
What are the prime factors of 3636?
2, 3, 101
What are the prime factors of 1464?
2, 3, 61
What are the prime factors of 25748?
2, 41, 157
What are the prime factors of 8222?
2, 4111
What are the prime factors of 21383?
21383
List the prime factors of 483.
3, 7, 23
List the prime factors of 106798.
2, 67, 797
List the prime factors of 8498.
2, 7, 607
What are the prime factors of 11729?
37, 317
What are the prime factors of 10334?
2, 5167
What are the prime factors of 597?
3, 199
List the prime factors of 4075.
5, 163
List the prime factors of 111319.
13, 8563
What are the prime factors of 1249?
1249
What are the prime factors of 41364?
2, 3, 383
List the prime factors of 8930.
2, 5, 19, 47
List the prime factors of 761.
761
List the prime factors of 5153.
5153
What are the prime factors of 2583?
3, 7, 41
List the prime factors of 19829.
79, 251
List the prime factors of 87108.
2, 3, 7, 17, 61
What are the prime factors of 75890?
2, 5, 7589
What are the prime factors of 4452?
2, 3, 7, 53
List the prime factors of 37500.
2, 3, 5
List the prime factors of 12904.
2, 1613
List the prime factors of 4394.
2, 13
List the prime factors of 5461.
43, 127
List the prime factors of 10512.
2, 3, 73
What are the prime factors of 6835?
5, 1367
List the prime factors of 2158.
2, 13, 83
What are the prime factors of 43218?
2, 3, 7
What are the prime factors of 669?
3, 223
What are the prime factors of 85771?
7, 12253
List the prime factors of 8203.
13, 631
What are the prime factors of 66627?
3, 11, 673
What are the prime factors of 810?
2, 3, 5
List the prime factors of 230.
2, 5, 23
What are the prime factors of 804?
2, 3, 67
List the prime factors of 7664.
2, 479
What are the prime factors of 5694?
2, 3, 13, 73
List the prime factors of 6629.
7, 947
List the prime factors of 501.
3, 167
What are the prime factors of 221?
13, 17
List the prime factors of 152993.
152993
What are the prime factors of 1980?
2, 3, 5, 11
List the prime factors of 26772.
2, 3, 23, 97
List the prime factors of 4093.
4093
List the prime factors of 3020.
2, 5, 151
List the prime factors of 1686.
2, 3, 281
List the prime factors of 26594.
2, 13297
List the prime factors of 2128.
2, 7, 19
What are the prime factors of 7225?
5, 17
List the prime factors of 34746.
2, 3, 5791
What are the prime factors of 6343?
6343
Wha